ts digit of 37058906?
6
What is the hundred thousands digit of 8977683?
9
What is the ten thousands digit of 2605191?
0
What is the ten thousands digit of 292568?
9
What is the tens digit of 149818?
1
What is the hundreds digit of 1567250?
2
What is the ten thousands digit of 4591657?
9
What is the thousands digit of 14480004?
0
What is the thousands digit of 310891?
0
What is the ten thousands digit of 1046642?
4
What is the ten thousands digit of 1077897?
7
What is the thousands digit of 2231388?
1
What is the millions digit of 19311619?
9
What is the thousands digit of 6576289?
6
What is the tens digit of 273911?
1
What is the ten thousands digit of 410270?
1
What is the hundreds digit of 1214490?
4
What is the thousands digit of 3301843?
1
What is the hundreds digit of 3601237?
2
What is the hundred thousands digit of 296458?
2
What is the hundred thousands digit of 367420?
3
What is the units digit of 257191?
1
What is the ten thousands digit of 165120?
6
What is the ten thousands digit of 189252?
8
What is the tens digit of 2923820?
2
What is the ten thousands digit of 374718?
7
What is the units digit of 602113?
3
What is the ten thousands digit of 719408?
1
What is the millions digit of 3009374?
3
What is the ten thousands digit of 17608176?
0
What is the units digit of 201089?
9
What is the units digit of 81020?
0
What is the millions digit of 2322199?
2
What is the hundred thousands digit of 127294?
1
What is the tens digit of 11098567?
6
What is the ten thousands digit of 3190496?
9
What is the tens digit of 106105?
0
What is the thousands digit of 268892?
8
What is the hundred thousands digit of 3440832?
4
What is the ten thousands digit of 161212?
6
What is the units digit of 18838326?
6
What is the units digit of 21763125?
5
What is the ten thousands digit of 6082323?
8
What is the units digit of 544252?
2
What is the thousands digit of 80195?
0
What is the hundreds digit of 554857?
8
What is the tens digit of 4926738?
3
What is the hundred thousands digit of 147332?
1
What is the tens digit of 21035?
3
What is the ten thousands digit of 172512?
7
What is the tens digit of 203414?
1
What is the ten thousands digit of 10274293?
7
What is the units digit of 988276?
6
What is the millions digit of 9422090?
9
What is the hundreds digit of 293102?
1
What is the millions digit of 1347415?
1
What is the hundreds digit of 23434015?
0
What is the tens digit of 71149?
4
What is the hundred thousands digit of 231294?
2
What is the hundred thousands digit of 1266148?
2
What is the tens digit of 1004700?
0
What is the units digit of 660553?
3
What is the tens digit of 3164010?
1
What is the hundred thousands digit of 317357?
3
What is the hundred thousands digit of 2540235?
5
What is the tens digit of 83754?
5
What is the hundreds digit of 1837661?
6
What is the hundreds digit of 4998294?
2
What is the hundreds digit of 2089247?
2
What is the units digit of 212205?
5
What is the tens digit of 6349801?
0
What is the ten thousands digit of 1005526?
0
What is the units digit of 1776662?
2
What is the ten thousands digit of 325466?
2
What is the tens digit of 2278696?
9
What is the thousands digit of 323705?
3
What is the units digit of 24398905?
5
What is the units digit of 3694055?
5
What is the hundreds digit of 419305?
3
What is the ten thousands digit of 805595?
0
What is the ten millions digit of 13378941?
1
What is the tens digit of 16605201?
0
What is the thousands digit of 210676?
0
What is the tens digit of 5841661?
6
What is the thousands digit of 3253508?
3
What is the hundred thousands digit of 195153?
1
What is the hundred thousands digit of 169604?
1
What is the thousands digit of 514117?
4
What is the hundreds digit of 724035?
0
What is the thousands digit of 326218?
6
What is the millions digit of 2041757?
2
What is the hundreds digit of 3021330?
3
What is the hundred thousands digit of 887422?
8
What is the units digit of 1014179?
9
What is the units digit of 3982495?
5
What is the thousands digit of 141280?
1
What is the tens digit of 274717?
1
What is the hundreds digit of 46226?
2
What is the thousands digit of 6266278?
6
What is the thousands digit of 103785?
3
What is the thousands digit of 12696402?
6
What is the thousands digit of 161427?
1
What is the ten millions digit of 22455054?
2
What is the tens digit of 265083?
8
What is the tens digit of 4217335?
3
What is the tens digit of 63368?
6
What is the ten thousands digit of 11618169?
1
What is the hundred thousands digit of 4666159?
6
What is the hundreds digit of 1088477?
4
What is the ten thousands digit of 16309638?
0
What is the ten thousands digit of 1547377?
4
What is the units digit of 82525?
5
What is the hundreds digit of 230925?
9
What is the hundreds digit of 38735851?
8
What is the thousands digit of 180772?
0
What is the ten thousands digit of 7163244?
6
What is the hundreds digit of 15442913?
9
What is the ten thousands digit of 784160?
8
What is the ten thousands digit of 3478876?
7
What is the tens digit of 1219894?
9
What is the hundreds digit of 584765?
7
What is the tens digit of 4217553?
5
What is the units digit of 18002067?
7
What is the tens digit of 2689204?
0
What is the ten thousands digit of 304177?
0
What is the ten thousands digit of 1158363?
5
What is the ten millions digit of 26844654?
2
What is the hundreds digit of 155933?
9
What is the tens digit of 2123511?
1
What is the ten thousands digit of 756991?
5
What is the units digit of 210299?
9
What is the thousands digit of 2536289?
6
What is the units digit of 596424?
4
What is the tens digit of 1615114?
1
What is the thousands digit of 566222?
6
What is the tens digit of 12528784?
8
What is the tens digit of 2990505?
0
What is the ten thousands digit of 124316?
2
What is the units digit of 131451?
1
What is the hundred thousands digit of 2639191?
6
What is the hundreds digit of 16288190?
1
What is the hundreds digit of 364141?
1
What is the hundred thousands digit of 242869?
2
What is the thousands digit of 18625?
8
What is the units digit of 25175875?
5
What is the tens digit of 173766?
6
What is the thousands digit of 2956202?
6
What is the millions digit of 1905183?
1
What is the ten thousands digit of 2009412?
0
What is the hundred thousands digit of 2121725?
1
What is the units digit of 221028?
8
What is the tens digit of 696817?
1
What is the hundreds digit of 754261?
2
What is the millions digit of 1454098?
1
What is the hundred thousands digit of 1342723?
3
What is the units digit of 5159084?
4
What is the hundreds digit of 242224?
2
What is the tens digit of 1850239?
3
What is the hundreds digit of 406588?
5
What is the tens digit of 2749643?
4
What is the tens digit of 7321194?
9
What is the units digit of 442853?
3
What is the ten thousands digit of 23282?
2
What is the tens digit of 301254?
5
What is the thousands digit of 1716744?
6
What is the tens digit of 14918119?
1
What is the tens digit of 1570113?
1
What is the units digit of 2597997?
7
What is the millions digit of 1071827?
1
What is the ten thousands digit of 2189925?
8
What is the ten thousands digit of 589420?
8
What is the millions digit of 3012510?
3
What is the ten thousands digit of 4804543?
0
What is the hundreds digit of 292604?
6
What is the thousands digit of 234876?
4
What is the thousands digit of 3325439?
5
What is the hundred thousands digit of 1964915?
9
What is the units digit of 19129816?
6
What is the tens digit of 89294?
9
What is the hundreds digit of 8349436?
4
What is the tens digit of 118482?
8
What is the tens digit of 1485273?
7
What is the ten thousands digit of 441220?
4
What is the hundreds digit of 329496?
4
What is the hundreds digit of 663908?
9
What is the hundred thousands digit of 228654?
2
What is the units digit of 5896822?
2
What is the thousands digit of 584592?
4
What is the tens digit of 295693?
9
What is the units digit of 1176334?
4
What is the hundred thousands digit of 9237202?
2
What is the ten millions digit of 15422384?
1
What is the ten thousands digit of 3549263?
4
What is the tens digit of 744919?
1
What is the ten thousands digit of 601941?
0
What is the units digit of 2374436?
6
What is the hundred thousands digit of 6702273?
7
What is the thousands digit of 1